 h?
12
Let r(x) = 215*x - 217. Calculate the remainder when 644 is divided by r(2).
5
Let c be 3*-1*(-146)/(-6). Let q = 139 + c. Suppose 2*z = 5*r + 21, -5*z = 4*r - 55 - 80. Calculate the remainder when q is divided by z.
20
Suppose -386 = -2*n - n - 272. What is the remainder when 212 is divided by n?
22
Suppose -66*f + 4556 + 5635 = 1677. Calculate the remainder when 7092 is divided by f.
126
Suppose -3*f - 2*f = 10, -2*f = q + 2. Suppose 0 = 5*p + q*s - 23, p = 5*s - 9 - 8. What is the remainder when -2 + 1*(26 - p) is divided by 6?
3
Calculate the remainder when ((-33)/(-9) - 3)*(47 - -880) is divided by 13.
7
Suppose 0 = 3*k - 110 - 154. Let y = 8125 + -7423. Calculate the remainder when y is divided by k.
86
Let v = -14799 + 15112. What is the remainder when 1287 is divided by v?
35
Suppose -4*c + 935 = a, 0*c = 2*c + a - 465. Suppose 34 = 3*z - 2*z. Calculate the remainder when c is divided by z.
31
Suppose -2*m = -3*h - 607, 49*m + h = 51*m - 609. Suppose 8*g = m + 71. Calculate the remainder when 85 is divided by g.
38
Calculate the remainder when 1333 is divided by -3 - (-1338 - ((-21)/7 + -4)).
5
Let u(n) be the second derivative of 0 - n**2 - 1/2*n**3 + 12*n. What is the remainder when u(-7) is divided by 10?
9
Suppose -2*w = 3*j - 15, w - 13 = -5*j + 12. Suppose -10*r + 5*r = j*q - 55, 2*q + r - 22 = 0. Calculate the remainder when 106 is divided by q.
7
Suppose 450 - 1130 = -8*r. Calculate the remainder when r is divided by 70.
15
Suppose -667*g + 72080 = -576*g - 26928. What is the remainder when g is divided by 14?
10
Suppose 5*n + 3*a = 7, -2*n - a = a - 2. Suppose 0 = 4*u + r - 468, 93 = n*u + 4*r - 141. Let h = u + -86. What is the remainder when 60 is divided by h?
29
What is the remainder when 54 is divided by (63/(-6) - -3 - 6 - -4)*-2?
16
Suppose c + 94 = -r + 131, 5*c = 4*r - 211. Calculate the remainder when 1621 is divided by r.
37
Let r(y) = 6*y - 81. Let u be r(19). Suppose u*h - 180 = 27*h. Calculate the remainder when 97 is divided by h.
7
What is the remainder when (-2 + 4 - 4)/((-64)/19424) is divided by 115?
32
Let k(p) = 4*p**2 - 4*p - 4. Suppose 0 = c, -24*c = -3*d - 27*c + 48. What is the remainder when k(-3) is divided by d?
12
Suppose -5*r - 23 = 3*b - 3*r, 4 = -4*b + 4*r. Let k be (-30)/(-9)*(-6)/b + -129. Let q = -54 - k. What is the remainder when q is divided by 12?
11
Suppose 0 = 34*d + 21465 - 56893. Calculate the remainder when d is divided by 12.
10
Suppose -3*o = 3*j - 408, -3*o + 4*j + 725 = 2*o. Let s = 961 - 917. Let c = o - s. Calculate the remainder when c is divided by 10.
7
Let j = -602 - -3681. What is the remainder when j is divided by 237?
235
Suppose -9*x = -20086 - 15779. Suppose -758 = -17*v + x. What is the remainder when v is divided by 71?
66
Let h = 415 + -390. Let p(j) = -2*j**2 - 7*j + 5. Let o be p(5). Let w = h - o. Calculate the remainder when w is divided by 28.
21
Suppose -86*i - 88 = -88*i. Calculate the remainder when 835 is divided by i.
43
Suppose -w + 22 + 58 + 43 = 0. Let h be -1 + (5 - 1) - 4. Calculate the remainder when w is divided by (-2 + h)*-1*7.
18
Let j(d) = d**2 + 3*d + 5. Let c(u) = 2*u**2 + 6*u. Let k = 113 - 117. Calculate the remainder when j(-4) is divided by c(k).
1
Suppose -4*r = -20, 3*q - 152*r + 147*r - 215 = 0. What is the remainder when 256 is divided by q?
16
Let k(i) = i**3 + 22*i**2 - 25*i - 38. Calculate the remainder when (4 + -7 + 2)*-164 is divided by k(-23).
4
What is the remainder when 1224036/66*(-4)/(-6) is divided by 229?
227
Let k = -49 + 65. Suppose -k*y = -8*y - 88. What is the remainder when 19 is divided by y?
8
Let h(x) = -6*x**2 - 40 + 74*x + 26*x**2 - 3*x**3 + 4*x**3 + 43. What is the remainder when 49 is divided by h(-15)?
13
Suppose -i - 5*j + 90 = 0, 5*i + 3*j + 159 = 631. Calculate the remainder when i is divided by 49.
46
Let p(v) be the second derivative of v**4/12 - 25*v**3/6 + v**2 - 23*v. Let n be p(28). What is the remainder when (11 + -8)*n/3 is divided by 22?
20
Suppose -i - 4*r = 3, 4*i - 8*i - 3*r = -1. Suppose 16 = n + 3*n, 0 = 5*q - 3*n - 103. Calculate the remainder when q is divided by (-6)/(-10) - i - (-1273)/95.
10
Suppose -4*d + 1040 = 35*d - 91. Suppose 2*m = -110 + 394. Calculate the remainder when m is divided by d.
26
Let l = -1722 - -1952. What is the remainder when l is divided by 7?
6
Suppose 0 = -o - 4*h + 20, -3*h - 17 = 5*o - 202. Let k = 44 - 41. Suppose k = -z, z + 28 = y + 11. What is the remainder when o is divided by y?
12
Let r = -1167 + 4616. Calculate the remainder when r is divided by 25.
24
Suppose -s + 44 - 25 = 0. Let q = 358 - 209. Calculate the remainder when q is divided by s.
16
Let h(f) = -75*f**2 + 265*f - 38. Let q(g) = -15*g**2 + 53*g - 7. Let n(v) = 2*h(v) - 11*q(v). What is the remainder when n(5) is divided by 38?
35
Suppose 5*m - 5*u = -10, -u - 4 = -2*u. Let c be 1/m*(2/2 + 1). Calculate the remainder when (c + 0)/((-1)/(-41)) is divided by 15.
11
Suppose 5*k + 244 = 5*y - 81, -5*y = 2*k + 165. Let i = k - -40. Calculate the remainder when 38 is divided by ((-2)/(-5))/((-1)/i).
2
Let i = 184 + -179. Suppose -5*m + u + 437 = 0, m = 2*m - i*u - 73. Calculate the remainder when m is divided by 30.
28
Let g be 5/((-15)/(-258)) - (-7 - -9). Suppose -9 = 3*z + 6, z = l - g. What is the remainder when 548 is divided by l?
74
Let f(q) = 369*q - 1060. What is the remainder when 982 is divided by f(3)?
42
What is the remainder when 1335 is divided by 74*8*(-6)/(-168)*7?
3
What is the remainder when 19/3 - 2/(-3) is divided by (-2 - 9)/11 - -5?
3
Suppose -28 - 12 = -20*c. Suppose -c*j - 34 = -2*o, -4*o - 4*j = o - 103. Calculate the remainder when 62 is divided by o.
5
Calculate the remainder when 561 - (162/(-9) + 6) is divided by 72.
69
Let w be (1036/10 - 1) + (-9)/15. Let z = 131 - w. What is the remainder when 171 is divided by z?
26
Let n = 19 + -1. Suppose 5474 - 12509 = -67*j. Calculate the remainder when j is divided by n.
15
Let u(r) = -13*r - 87. Let j be u(-9). Calculate the remainder when -11 - (-324)/j - 392/(-10) is divided by 14.
11
Calculate the remainder when 2108 is divided by (-195)/10*((-131960)/1230 + 14/(-287)).
15
Suppose -27*p = -33*p + 246. Suppose -2*a + 197 = 3*m, 2*m - p = -2*a + 153. What is the remainder when a is divided by 34?
26
Let q(a) = 185*a - 6643. Calculate the remainder when q(40) is divided by 249.
10
Suppose -4*z + k + 70 = 0, -5*z + 60 + 26 = -2*k. Suppose -4*q + 10 = z. What is the remainder when q*-24*2 - 4 is divided by 32?
28
Let c(a) = -7*a + 23. Calculate the remainder when 91 is divided by c(-7).
19
Let x(r) = 3*r**2 + 2*r - 1. Suppose -2*i + 4*q + 42 = 0, -5*q = -2*i - 10*q + 33. Calculate the remainder when i is divided by x(1).
3
Let i = -886 + 1657. Suppose 30*a - i = -231. What is the remainder when 68 is divided by a?
14
Let t = -115 - -221. Let r = 309668 - 309645. What is the remainder when t is divided by r?
14
Suppose -35*f + 6462 = -5438. What is the remainder when f is divided by 151?
38
Let d = 101 + -96. Suppose d*m - 245 = -5*c, 0*m - 5*m = 0. What is the remainder when c is divided by 25?
24
Suppose 6*t = -t + 4*f + 18, -2*f + 4 = 3*t. Suppose -5*x + 72 = -t*x. Calculate the remainder when 86 is divided by x.
14
Let z(y) = -4*y**3 - y**2 + 10*y - 7. Let l(j) = j**3 - j**2 - 4*j + 1. Calculate the remainder when z(-3) is divided by l(4).
29
Suppose -7*u + 4*u = -5*x - 313, -3*x = -3*u + 303. Let a(j) = 18*j + 9. Let f be a(5). Suppose -f = -5*k + u. What is the remainder when k is divided by 14?
11
Suppose 5*l = 3*l - 4*x - 816, -2*l - 5*x = 820. Let q = l + 596. What is the remainder when q is divided by 22?
20
Suppose 101*l = 135078 + 146005. Calculate the remainder when l is divided by 32.
31
Let v(k) = -54*k**2 - 759*k + 28. What is the remainder when v(-13) is divided by 6?
1
Suppose 31*u - 30*u - l - 9936 = 0, -u + 3*l + 9948 = 0. Calculate the remainder when u is divided by 46.
40
Let b(l) = 19*l**2 - 323*l + 69. What is the remainder when 8090 is divided by b(23)?
17
Calculate the remainder when 2102 is divided by (-104)/12 + 9 + (-1)/((-18)/18840).
8
Let h = 2825 + -2389. What is the remainder when h is divided by 125?
61
Calculate the remainder when 1694 is divided by ((-5 - -9)/(-16))/(11/7788*-3).
4